{"id":7,"date":"2020-10-26T09:34:47","date_gmt":"2020-10-26T12:34:47","guid":{"rendered":"http:\/\/192.100.186.97\/?page_id=7"},"modified":"2021-05-05T12:17:46","modified_gmt":"2021-05-05T15:17:46","slug":"acerca-de","status":"publish","type":"page","link":"https:\/\/proyectommm.unam.edu.ar\/?page_id=7","title":{"rendered":"Quienes Somos"},"content":{"rendered":"\n<p><strong>INTEGRANTES DEL PROYECTO MOVIMIENTO MODERNO MISIONES<\/strong><\/p>\n\n\n\n<figure class=\"wp-block-image size-large\"><img loading=\"lazy\" decoding=\"async\" width=\"453\" height=\"628\" src=\"https:\/\/proyectommm.unam.edu.ar\/wp-content\/uploads\/2021\/05\/image.png\" alt=\"\" class=\"wp-image-168\" srcset=\"https:\/\/proyectommm.unam.edu.ar\/wp-content\/uploads\/2021\/05\/image.png 453w, https:\/\/proyectommm.unam.edu.ar\/wp-content\/uploads\/2021\/05\/image-216x300.png 216w\" sizes=\"auto, (max-width: 453px) 100vw, 453px\" \/><\/figure>\n\n\n\n<p>Dra. Graciela Gayetzky es directora del Proyecto de Investigaci\u00f3n MMM 3, dependiente de la Secretar\u00eda de Investigaci\u00f3n de la FHyCS de la UNaM.<\/p>\n\n\n\n<p>Es Arquitecta, Doctora en Educaci\u00f3n en Artes Visuales, Mag\u00edster en Educaci\u00f3n por el Arte, docente de la UNaM.<\/p>\n\n\n\n<p>Asesora de la Comisi\u00f3n Nacional de Monumentos, Bienes y Lugares Hist\u00f3ricos, integrante de ICOMOS, ALTEC, CICOP, Comisi\u00f3n de Patrimonio de Posadas, Misiones; Comisi\u00f3n de Patrimonio del Colegio Arquitectos Misiones.<\/p>\n\n\n\n<p>Evaluadora en CONEAU, CYTED, FONCYT y otros.<\/p>\n\n\n\n<figure class=\"wp-block-image size-large\"><img loading=\"lazy\" decoding=\"async\" width=\"452\" height=\"635\" src=\"https:\/\/proyectommm.unam.edu.ar\/wp-content\/uploads\/2021\/05\/image-1.png\" alt=\"\" class=\"wp-image-169\" srcset=\"https:\/\/proyectommm.unam.edu.ar\/wp-content\/uploads\/2021\/05\/image-1.png 452w, https:\/\/proyectommm.unam.edu.ar\/wp-content\/uploads\/2021\/05\/image-1-214x300.png 214w\" sizes=\"auto, (max-width: 452px) 100vw, 452px\" \/><\/figure>\n\n\n\n<p>Ferreyra Alba Cristina. Licenciada en Turismo. Magister en Desarrollo y Gesti\u00f3n del Turismo. Docente e Investigadora FHYCS-UNAM Miembro del Tribunal Acad\u00e9mico UNAM. Miembro de ICOMOS. Miembro co-fundador de Turism\u00f3logos sin fronteras. Miembro del colegio de Profesionales en Turismo. Directora \u00e1rea tem\u00e1tica Turismo del MMM3.<\/p>\n\n\n\n<figure class=\"wp-block-image size-large\"><img loading=\"lazy\" decoding=\"async\" width=\"452\" height=\"635\" src=\"https:\/\/proyectommm.unam.edu.ar\/wp-content\/uploads\/2021\/05\/image-2.png\" alt=\"\" class=\"wp-image-171\" srcset=\"https:\/\/proyectommm.unam.edu.ar\/wp-content\/uploads\/2021\/05\/image-2.png 452w, https:\/\/proyectommm.unam.edu.ar\/wp-content\/uploads\/2021\/05\/image-2-214x300.png 214w\" sizes=\"auto, (max-width: 452px) 100vw, 452px\" \/><\/figure>\n\n\n\n<p>Stasuck Pablo Rub\u00e9n: Profesor de Historia, docente investigador FHYCS- UNaM.<\/p>\n\n\n\n<figure class=\"wp-block-image size-large\"><img loading=\"lazy\" decoding=\"async\" width=\"452\" height=\"635\" src=\"https:\/\/proyectommm.unam.edu.ar\/wp-content\/uploads\/2021\/05\/image-3.png\" alt=\"\" class=\"wp-image-172\" srcset=\"https:\/\/proyectommm.unam.edu.ar\/wp-content\/uploads\/2021\/05\/image-3.png 452w, https:\/\/proyectommm.unam.edu.ar\/wp-content\/uploads\/2021\/05\/image-3-214x300.png 214w\" sizes=\"auto, (max-width: 452px) 100vw, 452px\" \/><\/figure>\n\n\n\n<p>Norma Beatriz Castelli es profesora en franc\u00e9s, portugu\u00e9s y letras. Especialista en did\u00e1ctica y curr\u00edculum: FhyCs-UNaM. \u00c1rea de idiomas profesorado portugu\u00e9s, Int\u00e9rprete en Lengua de Se\u00f1as Investigadora MMM.<\/p>\n\n\n\n<p><\/p>\n\n\n\n<figure class=\"wp-block-image size-large\"><img loading=\"lazy\" decoding=\"async\" width=\"452\" height=\"635\" src=\"https:\/\/proyectommm.unam.edu.ar\/wp-content\/uploads\/2021\/05\/image-4.png\" alt=\"\" class=\"wp-image-173\" srcset=\"https:\/\/proyectommm.unam.edu.ar\/wp-content\/uploads\/2021\/05\/image-4.png 452w, https:\/\/proyectommm.unam.edu.ar\/wp-content\/uploads\/2021\/05\/image-4-214x300.png 214w\" sizes=\"auto, (max-width: 452px) 100vw, 452px\" \/><\/figure>\n\n\n\n<p>Patricia Rosana Ramirez es profesora en franc\u00e9s, profesora \u00e1rea de idiomas (FHyCS-UNaM) Investigadora MMM.<\/p>\n\n\n\n<p><\/p>\n\n\n\n<figure class=\"wp-block-image size-large\"><img loading=\"lazy\" decoding=\"async\" width=\"455\" height=\"628\" src=\"https:\/\/proyectommm.unam.edu.ar\/wp-content\/uploads\/2021\/05\/image-5.png\" alt=\"\" class=\"wp-image-174\" srcset=\"https:\/\/proyectommm.unam.edu.ar\/wp-content\/uploads\/2021\/05\/image-5.png 455w, https:\/\/proyectommm.unam.edu.ar\/wp-content\/uploads\/2021\/05\/image-5-217x300.png 217w\" sizes=\"auto, (max-width: 455px) 100vw, 455px\" \/><\/figure>\n\n\n\n<p>N\u00e9stor Vera es integrante del Proyecto MMM3, dependiente de la Secretaria de Investigaci\u00f3n de la FHyCS de la UNaM.<\/p>\n\n\n\n<p>Egresado de la carrera de Lic. en Comunicaci\u00f3n Social, y Mgtr en Pol\u00edticas Sociales.<\/p>\n\n\n\n<figure class=\"wp-block-image size-large\"><img loading=\"lazy\" decoding=\"async\" width=\"453\" height=\"628\" src=\"https:\/\/proyectommm.unam.edu.ar\/wp-content\/uploads\/2021\/05\/image-6.png\" alt=\"\" class=\"wp-image-175\" srcset=\"https:\/\/proyectommm.unam.edu.ar\/wp-content\/uploads\/2021\/05\/image-6.png 453w, https:\/\/proyectommm.unam.edu.ar\/wp-content\/uploads\/2021\/05\/image-6-216x300.png 216w\" sizes=\"auto, (max-width: 453px) 100vw, 453px\" \/><\/figure>\n\n\n\n<p>Nail Benegas es integrante del Proyecto MMM3, dependiente de la Secretaria de Investigaci\u00f3n de la FHyCS de la UNaM.<\/p>\n\n\n\n<p>Es tesista de la carrera de Lic. en Turismo y becaria de EICyT.<\/p>\n\n\n\n<p>En este equipo de investigadores desarrolla la puesta en valor de bienes patrimoniales combinando la evoluci\u00f3n energ\u00e9tica, la arquitectura del movimiento moderno y el turismo de la provincia de Misiones.<\/p>\n\n\n\n<figure class=\"wp-block-image size-large\"><img loading=\"lazy\" decoding=\"async\" width=\"455\" height=\"628\" src=\"https:\/\/proyectommm.unam.edu.ar\/wp-content\/uploads\/2021\/05\/image-7.png\" alt=\"\" class=\"wp-image-176\" srcset=\"https:\/\/proyectommm.unam.edu.ar\/wp-content\/uploads\/2021\/05\/image-7.png 455w, https:\/\/proyectommm.unam.edu.ar\/wp-content\/uploads\/2021\/05\/image-7-217x300.png 217w\" sizes=\"auto, (max-width: 455px) 100vw, 455px\" \/><\/figure>\n\n\n\n<p>Mart\u00edn Romero es integrante del Proyecto MMM 3, dependiente de la Secretar\u00eda de Investigaci\u00f3n de la FHyCS de la UNaM.<\/p>\n\n\n\n<p>Es Profesor de Historia,&nbsp; Becas: EVC CIN (2018) y Beca de auxiliares de investigaci\u00f3n FHyCS UNaM (2019).<\/p>\n\n\n\n<p>En este equipo de investigadores se dedica actualmente al estudio de la arquitectura de Alejandro Bustillo en Misiones.<\/p>\n\n\n\n<figure class=\"wp-block-image size-large\"><img loading=\"lazy\" decoding=\"async\" width=\"452\" height=\"635\" src=\"https:\/\/proyectommm.unam.edu.ar\/wp-content\/uploads\/2021\/05\/image-8.png\" alt=\"\" class=\"wp-image-177\" srcset=\"https:\/\/proyectommm.unam.edu.ar\/wp-content\/uploads\/2021\/05\/image-8.png 452w, https:\/\/proyectommm.unam.edu.ar\/wp-content\/uploads\/2021\/05\/image-8-214x300.png 214w\" sizes=\"auto, (max-width: 452px) 100vw, 452px\" \/><\/figure>\n\n\n\n<p>Rosa Mabel Dominguez es integrante del Proyecto MMM 3, dependiente de la Secretar\u00eda de Investigaci\u00f3n de la FHyCS de la UNaM.<\/p>\n\n\n\n<p>Es Bibliotecaria, Tesista de Lic. en Bibliotecolog\u00eda y Auxiliar Docente en la C\u00e1tedra Seminario II: Gesti\u00f3n de Bibliotecas (FHyCS-UNaM).<\/p>\n\n\n\n<p>Ganadora grupal de Beca de Formaci\u00f3n del Consejo Federal de Cultura (2018) en la categor\u00eda Preservaci\u00f3n y Conservaci\u00f3n de bienes culturales.<\/p>\n\n\n\n<p>En este proyecto de investigaci\u00f3n realiza tareas para la confecci\u00f3n del Inventario de las obras arquitect\u00f3nicas del Arq. Alejandro Gabriel Bustillo Madero (1889-1982) en Misiones.<\/p>\n\n\n\n<figure class=\"wp-block-image size-large\"><img loading=\"lazy\" decoding=\"async\" width=\"453\" height=\"630\" src=\"https:\/\/proyectommm.unam.edu.ar\/wp-content\/uploads\/2021\/05\/image-9.png\" alt=\"\" class=\"wp-image-178\" srcset=\"https:\/\/proyectommm.unam.edu.ar\/wp-content\/uploads\/2021\/05\/image-9.png 453w, https:\/\/proyectommm.unam.edu.ar\/wp-content\/uploads\/2021\/05\/image-9-216x300.png 216w\" sizes=\"auto, (max-width: 453px) 100vw, 453px\" \/><\/figure>\n\n\n\n<p>Laura Elizabet Vera, auxiliar de investigaci\u00f3n en el proyecto MMM3, dependiente de la secretaria de investigaci\u00f3n de la fhycs de la UNam.<\/p>\n\n\n\n<p>Tesista de la carrera de&nbsp; licenciatura en turismo (fhycs-unam).<\/p>\n\n\n\n<p>Becada por el consejo interuniversitario nacional, de est\u00edmulo a las vocaciones cient\u00edficas.<\/p>\n\n\n\n<p>En este equipo de investigadores desarrolla desde el eje tur\u00edstico la conservaci\u00f3n y an\u00e1lisis del patrimonio natural en sinergia con el cultural arquitect\u00f3nico establecido en los alojamientos pertenecientes al movimiento moderno.<\/p>\n\n\n\n<figure class=\"wp-block-image size-large\"><img loading=\"lazy\" decoding=\"async\" width=\"455\" height=\"628\" src=\"https:\/\/proyectommm.unam.edu.ar\/wp-content\/uploads\/2021\/05\/image-10.png\" alt=\"\" class=\"wp-image-179\" srcset=\"https:\/\/proyectommm.unam.edu.ar\/wp-content\/uploads\/2021\/05\/image-10.png 455w, https:\/\/proyectommm.unam.edu.ar\/wp-content\/uploads\/2021\/05\/image-10-217x300.png 217w\" sizes=\"auto, (max-width: 455px) 100vw, 455px\" \/><\/figure>\n\n\n\n<p>Laura Iba\u00f1ez es integrante del Proyecto MMM3, dependiente de la Secretaria de Investigaci\u00f3n de la FHyCs de la UNaM.<\/p>\n\n\n\n<p>Es Profesora de Historia con Orientaci\u00f3n en Cs. Sociales, Diplomada en Patrimonio Cultural Comunitario FILO:UBA\/Sholem (2019).<\/p>\n\n\n\n<p>En este equipo de investigaci\u00f3n se dedica actualmente a la puesta en valor de espacios de g\u00e9nero y Memorial del lavadero comunitario de Eldorado.<\/p>\n\n\n\n<figure class=\"wp-block-image size-large\"><img loading=\"lazy\" decoding=\"async\" width=\"453\" height=\"628\" src=\"https:\/\/proyectommm.unam.edu.ar\/wp-content\/uploads\/2021\/05\/image-11.png\" alt=\"\" class=\"wp-image-180\" srcset=\"https:\/\/proyectommm.unam.edu.ar\/wp-content\/uploads\/2021\/05\/image-11.png 453w, https:\/\/proyectommm.unam.edu.ar\/wp-content\/uploads\/2021\/05\/image-11-216x300.png 216w\" sizes=\"auto, (max-width: 453px) 100vw, 453px\" \/><\/figure>\n\n\n\n<p>Nancy Rojas es Auxiliar de investigaci\u00f3n en el proyecto MMM3, dependiente de la secretar\u00eda de investigaci\u00f3n de la FHyCS dela UNaM.<\/p>\n\n\n\n<p>Tesista de la carrera de la Lic. en Turismo y estudiante de las carreras TISE y LITADIS (FHyCS).<\/p>\n\n\n\n<p>En este equipo de investigaci\u00f3n desarrolla el eje tur\u00edstico, conservaci\u00f3n y an\u00e1lisis del patrimonio natural en relaci\u00f3n con el cultural arquitect\u00f3nico que se refleja en los alojamientos que corresponden al Movimiento Moderno.<\/p>\n\n\n\n<figure class=\"wp-block-image size-large\"><img loading=\"lazy\" decoding=\"async\" width=\"452\" height=\"635\" src=\"https:\/\/proyectommm.unam.edu.ar\/wp-content\/uploads\/2021\/05\/image-12.png\" alt=\"\" class=\"wp-image-181\" srcset=\"https:\/\/proyectommm.unam.edu.ar\/wp-content\/uploads\/2021\/05\/image-12.png 452w, https:\/\/proyectommm.unam.edu.ar\/wp-content\/uploads\/2021\/05\/image-12-214x300.png 214w\" sizes=\"auto, (max-width: 452px) 100vw, 452px\" \/><\/figure>\n\n\n\n<p>Laura Agustina Basile es arquitecta, investigadora de la Facultad de Humanidades y Ciencias Sociales y docente de la Facultad de Arte y Dise\u00f1o &#8211; Universidad Nacional de Misiones. Miembro ICOMOS. Integrante de la Comisi\u00f3n de Patrimonio del Colegio de Arquitectos de la provincia de Misiones.<\/p>\n\n\n\n<figure class=\"wp-block-image size-large\"><img loading=\"lazy\" decoding=\"async\" width=\"452\" height=\"635\" src=\"https:\/\/proyectommm.unam.edu.ar\/wp-content\/uploads\/2021\/05\/image-13.png\" alt=\"\" class=\"wp-image-182\" srcset=\"https:\/\/proyectommm.unam.edu.ar\/wp-content\/uploads\/2021\/05\/image-13.png 452w, https:\/\/proyectommm.unam.edu.ar\/wp-content\/uploads\/2021\/05\/image-13-214x300.png 214w\" sizes=\"auto, (max-width: 452px) 100vw, 452px\" \/><\/figure>\n\n\n\n<p>Alejandro Czerevin es Arquitecto (UCSF Universidad Cat\u00f3lica de Santa Fe). Auxiliar de investigaci\u00f3n MMM3.<\/p>\n\n\n\n<figure class=\"wp-block-image size-large\"><img loading=\"lazy\" decoding=\"async\" width=\"452\" height=\"635\" src=\"https:\/\/proyectommm.unam.edu.ar\/wp-content\/uploads\/2021\/05\/image-14.png\" alt=\"\" class=\"wp-image-183\" srcset=\"https:\/\/proyectommm.unam.edu.ar\/wp-content\/uploads\/2021\/05\/image-14.png 452w, https:\/\/proyectommm.unam.edu.ar\/wp-content\/uploads\/2021\/05\/image-14-214x300.png 214w\" sizes=\"auto, (max-width: 452px) 100vw, 452px\" \/><\/figure>\n\n\n\n<p>Roc\u00edo Soledad Duarte es Tesista de la Lic. en Antropolog\u00eda Social. Referente del Proyecto: &#8220;La Historia de San Pedro en Fotos&#8221;. Auxiliar de investigaci\u00f3n en el Proyecto MMM3.<\/p>\n\n\n\n<figure class=\"wp-block-image size-large\"><img loading=\"lazy\" decoding=\"async\" width=\"452\" height=\"635\" src=\"https:\/\/proyectommm.unam.edu.ar\/wp-content\/uploads\/2021\/05\/image-15.png\" alt=\"\" class=\"wp-image-184\" srcset=\"https:\/\/proyectommm.unam.edu.ar\/wp-content\/uploads\/2021\/05\/image-15.png 452w, https:\/\/proyectommm.unam.edu.ar\/wp-content\/uploads\/2021\/05\/image-15-214x300.png 214w\" sizes=\"auto, (max-width: 452px) 100vw, 452px\" \/><\/figure>\n\n\n\n<p>Liliana Yuriko Fukunaga es estudiante de la carrera de Dise\u00f1o Industrial (FAyD-UNaM). Auxiliar en el Proyecto de Investigaci\u00f3n: MMM3.<\/p>\n\n\n\n<figure class=\"wp-block-image size-large\"><img loading=\"lazy\" decoding=\"async\" width=\"452\" height=\"635\" src=\"https:\/\/proyectommm.unam.edu.ar\/wp-content\/uploads\/2021\/05\/image-16.png\" alt=\"\" class=\"wp-image-185\" srcset=\"https:\/\/proyectommm.unam.edu.ar\/wp-content\/uploads\/2021\/05\/image-16.png 452w, https:\/\/proyectommm.unam.edu.ar\/wp-content\/uploads\/2021\/05\/image-16-214x300.png 214w\" sizes=\"auto, (max-width: 452px) 100vw, 452px\" \/><\/figure>\n\n\n\n<p>Patricia Mabel Leiva es Secretaria Administrativa (instituto alfa) Estudiante de la \u00a0Licenciatura en Turismo, Tesis: \u201cPlanificaci\u00f3n estrat\u00e9gica de circuitos de ecoturismo en los Espacios Naturales Urbanos (ENUs) de Posadas Misiones\u201d Auxiliar en proyecto de investigaci\u00f3n Movimiento moderno Misiones, FHYCS.<\/p>\n\n\n\n<figure class=\"wp-block-image size-large\"><img loading=\"lazy\" decoding=\"async\" width=\"452\" height=\"635\" src=\"https:\/\/proyectommm.unam.edu.ar\/wp-content\/uploads\/2021\/05\/image-17.png\" alt=\"\" class=\"wp-image-186\" srcset=\"https:\/\/proyectommm.unam.edu.ar\/wp-content\/uploads\/2021\/05\/image-17.png 452w, https:\/\/proyectommm.unam.edu.ar\/wp-content\/uploads\/2021\/05\/image-17-214x300.png 214w\" sizes=\"auto, (max-width: 452px) 100vw, 452px\" \/><\/figure>\n\n\n\n<p>Luisina Paola Per\u00f3 es Licenciada en Turismo (FHyCS &#8211; UNAM). Encargada t\u00e9cnica \u00c1rea de Turismo Municipio de Santa Ana. Integrante Agencia para el Desarrollo Econ\u00f3mico de Misiones. Auxiliar de investigaci\u00f3n en MMM3.<\/p>\n\n\n\n<figure class=\"wp-block-image size-large\"><img loading=\"lazy\" decoding=\"async\" width=\"452\" height=\"635\" src=\"https:\/\/proyectommm.unam.edu.ar\/wp-content\/uploads\/2021\/05\/image-18.png\" alt=\"\" class=\"wp-image-187\" srcset=\"https:\/\/proyectommm.unam.edu.ar\/wp-content\/uploads\/2021\/05\/image-18.png 452w, https:\/\/proyectommm.unam.edu.ar\/wp-content\/uploads\/2021\/05\/image-18-214x300.png 214w\" sizes=\"auto, (max-width: 452px) 100vw, 452px\" \/><\/figure>\n\n\n\n<p>V\u00edctor Hugo Torales es Maestrando en Pol\u00edticas Sociales, Prof. de Historia c\/o CS Post\u00edtulo Especialista superior en educaci\u00f3n latinoamericana, Diplomado en Historia Argentina y Latinoamericana (FHyCS-UNaM), auxiliar en investigaci\u00f3n proyecto MMM3.<\/p>\n\n\n\n<figure class=\"wp-block-image size-large\"><img loading=\"lazy\" decoding=\"async\" width=\"452\" height=\"635\" src=\"https:\/\/proyectommm.unam.edu.ar\/wp-content\/uploads\/2021\/05\/image-19.png\" alt=\"\" class=\"wp-image-188\" srcset=\"https:\/\/proyectommm.unam.edu.ar\/wp-content\/uploads\/2021\/05\/image-19.png 452w, https:\/\/proyectommm.unam.edu.ar\/wp-content\/uploads\/2021\/05\/image-19-214x300.png 214w\" sizes=\"auto, (max-width: 452px) 100vw, 452px\" \/><\/figure>\n\n\n\n<p>Mathias Gabriel Venialgo es Docente, Maestrando en Pol\u00edticas Sociales (FHyCS-UNaM), Especialista en Constructivismo y Educaci\u00f3n (FLACSO), Profesor en Historia con Orientaci\u00f3n en Ciencias Sociales (FHyCS-UNaM). Auxiliar de Investigaci\u00f3n en Proyecto: MMM-3.<\/p>\n\n\n\n<figure class=\"wp-block-image size-large\"><img loading=\"lazy\" decoding=\"async\" width=\"452\" height=\"635\" src=\"https:\/\/proyectommm.unam.edu.ar\/wp-content\/uploads\/2021\/05\/image-20.png\" alt=\"\" class=\"wp-image-189\" srcset=\"https:\/\/proyectommm.unam.edu.ar\/wp-content\/uploads\/2021\/05\/image-20.png 452w, https:\/\/proyectommm.unam.edu.ar\/wp-content\/uploads\/2021\/05\/image-20-214x300.png 214w\" sizes=\"auto, (max-width: 452px) 100vw, 452px\" \/><\/figure>\n\n\n\n<p>Ileana Gabriela Marinoni es integrante del Proyecto MMM 3, dependiente de la Secretar\u00eda de Investigaci\u00f3n de la FHyCS de la UNaM. Es tesista de la carrera de Licenciatura en Historia y en este equipo de investigadores se centra en el estudio del contexto institucional, social y pol\u00edtico en el que se desarrolla el Movimiento Moderno en Misiones, principalmente a partir del estudio de las leyes que han ido configurando el proceso de provincializaci\u00f3n de Misiones.<\/p>\n\n\n\n<figure class=\"wp-block-image size-large\"><img loading=\"lazy\" decoding=\"async\" width=\"452\" height=\"635\" src=\"https:\/\/proyectommm.unam.edu.ar\/wp-content\/uploads\/2021\/05\/image-21.png\" alt=\"\" class=\"wp-image-190\" srcset=\"https:\/\/proyectommm.unam.edu.ar\/wp-content\/uploads\/2021\/05\/image-21.png 452w, https:\/\/proyectommm.unam.edu.ar\/wp-content\/uploads\/2021\/05\/image-21-214x300.png 214w\" sizes=\"auto, (max-width: 452px) 100vw, 452px\" \/><\/figure>\n\n\n\n<p>Henry Kleiven es Arquitecto, Universidad Cat\u00f3lica de Santa Fe (UCSF) Auxiliar de investigaci\u00f3n en el Proyecto MMM3.<\/p>\n\n\n\n<figure class=\"wp-block-image size-large\"><img loading=\"lazy\" decoding=\"async\" width=\"452\" height=\"635\" src=\"https:\/\/proyectommm.unam.edu.ar\/wp-content\/uploads\/2021\/05\/image-22.png\" alt=\"\" class=\"wp-image-191\" srcset=\"https:\/\/proyectommm.unam.edu.ar\/wp-content\/uploads\/2021\/05\/image-22.png 452w, https:\/\/proyectommm.unam.edu.ar\/wp-content\/uploads\/2021\/05\/image-22-214x300.png 214w\" sizes=\"auto, (max-width: 452px) 100vw, 452px\" \/><\/figure>\n\n\n\n<p>Romina Valeria Escobar es Licenciada en Turismo. Maestranda en Pol\u00edticas Ambientales y Territoriales -Filo\/UBA. Investigadora en &#8220;Paisaje urbano e interdise\u00f1o sustentable. Estrategias de intervenci\u00f3n en \u00e1reas de borde de la ciudad.&#8221; (Proyecto: 20020150100208BA) -Fadu\/UBA. Investigadora en SIB (Sistema de Informaci\u00f3n de Biodiversidad de la Administraci\u00f3n de Parques Nacionales, Argentina) Proyecto: &#8220;Alcances y Proyecciones de Turismo de Investigaci\u00f3n Cient\u00edfica en el Parque Nacional Iguaz\u00fa&#8221; Auxiliar de investigaci\u00f3n MMM3.<\/p>\n\n\n\n<figure class=\"wp-block-image size-large\"><img loading=\"lazy\" decoding=\"async\" width=\"452\" height=\"635\" src=\"https:\/\/proyectommm.unam.edu.ar\/wp-content\/uploads\/2021\/05\/image-23.png\" alt=\"\" class=\"wp-image-192\" srcset=\"https:\/\/proyectommm.unam.edu.ar\/wp-content\/uploads\/2021\/05\/image-23.png 452w, https:\/\/proyectommm.unam.edu.ar\/wp-content\/uploads\/2021\/05\/image-23-214x300.png 214w\" sizes=\"auto, (max-width: 452px) 100vw, 452px\" \/><\/figure>\n\n\n\n<p>Cristina Stevenson es Licenciada en Turismo FHYCS-UNaM. Directora de Selva Adentro, gu\u00eda de turismo gastron\u00f3mico. Secretaria de &#8220;Cocina Misionera&#8221;, consultora de la Ruta de la Cocina Misionera y de &#8220;Reserva para la biodiversidad&#8221; auxiliar en investigaci\u00f3n proyecto MMM3.<\/p>\n\n\n\n<figure class=\"wp-block-image size-large\"><img loading=\"lazy\" decoding=\"async\" width=\"452\" height=\"635\" src=\"https:\/\/proyectommm.unam.edu.ar\/wp-content\/uploads\/2021\/05\/image-24.png\" alt=\"\" class=\"wp-image-193\" srcset=\"https:\/\/proyectommm.unam.edu.ar\/wp-content\/uploads\/2021\/05\/image-24.png 452w, https:\/\/proyectommm.unam.edu.ar\/wp-content\/uploads\/2021\/05\/image-24-214x300.png 214w\" sizes=\"auto, (max-width: 452px) 100vw, 452px\" \/><\/figure>\n\n\n\n<p>Lorena Paola Basoalto es Licenciada en Turismo de la FHyCS &#8211; UNAM. Maestrando en Desarrollo y Gesti\u00f3n del Turismo en la UNQ. Auxiliar de investigaci\u00f3n en MMM.<\/p>\n\n\n\n<figure class=\"wp-block-image size-large\"><img loading=\"lazy\" decoding=\"async\" width=\"452\" height=\"635\" src=\"https:\/\/proyectommm.unam.edu.ar\/wp-content\/uploads\/2021\/05\/image-25.png\" alt=\"\" class=\"wp-image-194\" srcset=\"https:\/\/proyectommm.unam.edu.ar\/wp-content\/uploads\/2021\/05\/image-25.png 452w, https:\/\/proyectommm.unam.edu.ar\/wp-content\/uploads\/2021\/05\/image-25-214x300.png 214w\" sizes=\"auto, (max-width: 452px) 100vw, 452px\" \/><\/figure>\n\n\n\n<p>Leonor Beatriz Vilca es estudiante de la carrera de Dise\u00f1o Industrial Tesis: (FAyD-UNaM). Auxiliar en el Proyecto de Investigaci\u00f3n: MMM3.<\/p>\n\n\n\n<figure class=\"wp-block-image size-large\"><img loading=\"lazy\" decoding=\"async\" width=\"452\" height=\"635\" src=\"https:\/\/proyectommm.unam.edu.ar\/wp-content\/uploads\/2021\/05\/image-26.png\" alt=\"\" class=\"wp-image-195\" srcset=\"https:\/\/proyectommm.unam.edu.ar\/wp-content\/uploads\/2021\/05\/image-26.png 452w, https:\/\/proyectommm.unam.edu.ar\/wp-content\/uploads\/2021\/05\/image-26-214x300.png 214w\" sizes=\"auto, (max-width: 452px) 100vw, 452px\" \/><\/figure>\n\n\n\n<p>Javier Alejandro Helin es Licenciado en Turismo y en Comunicaci\u00f3n Social (UNaM); Maestrando en Desarrollo y Gesti\u00f3n del Turismo en la Universidad de Quilmes. Docente e Investigador en UCAMI. Auxiliar de investigaci\u00f3n MMM3<\/p>\n","protected":false},"excerpt":{"rendered":"<p>INTEGRANTES DEL PROYECTO MOVIMIENTO MODERNO MISIONES Dra. Graciela Gayetzky es directora del Proyecto de Investigaci\u00f3n MMM 3, dependiente de la Secretar\u00eda de Investigaci\u00f3n de la FHyCS de la UNaM. Es Arquitecta, Doctora en Educaci\u00f3n en Artes Visuales, Mag\u00edster en Educaci\u00f3n &hellip; <a href=\"https:\/\/proyectommm.unam.edu.ar\/?page_id=7\">Continued<\/a><\/p>\n","protected":false},"author":1,"featured_media":0,"parent":0,"menu_order":0,"comment_status":"closed","ping_status":"closed","template":"","meta":{"kt_blocks_editor_width":"","footnotes":""},"class_list":["post-7","page","type-page","status-publish","hentry"],"_links":{"self":[{"href":"https:\/\/proyectommm.unam.edu.ar\/index.php?rest_route=\/wp\/v2\/pages\/7","targetHints":{"allow":["GET"]}}],"collection":[{"href":"https:\/\/proyectommm.unam.edu.ar\/index.php?rest_route=\/wp\/v2\/pages"}],"about":[{"href":"https:\/\/proyectommm.unam.edu.ar\/index.php?rest_route=\/wp\/v2\/types\/page"}],"author":[{"embeddable":true,"href":"https:\/\/proyectommm.unam.edu.ar\/index.php?rest_route=\/wp\/v2\/users\/1"}],"replies":[{"embeddable":true,"href":"https:\/\/proyectommm.unam.edu.ar\/index.php?rest_route=%2Fwp%2Fv2%2Fcomments&post=7"}],"version-history":[{"count":2,"href":"https:\/\/proyectommm.unam.edu.ar\/index.php?rest_route=\/wp\/v2\/pages\/7\/revisions"}],"predecessor-version":[{"id":196,"href":"https:\/\/proyectommm.unam.edu.ar\/index.php?rest_route=\/wp\/v2\/pages\/7\/revisions\/196"}],"wp:attachment":[{"href":"https:\/\/proyectommm.unam.edu.ar\/index.php?rest_route=%2Fwp%2Fv2%2Fmedia&parent=7"}],"curies":[{"name":"wp","href":"https:\/\/api.w.org\/{rel}","templated":true}]}}